{"id":3,"date":"2024-07-16T07:10:45","date_gmt":"2024-07-16T07:10:45","guid":{"rendered":"https:\/\/mortiusdigitalius.fi\/?page_id=3"},"modified":"2024-10-20T15:18:46","modified_gmt":"2024-10-20T15:18:46","slug":"privacy-policy","status":"publish","type":"page","link":"https:\/\/mortiusdigitalius.fi\/index.php\/mortius-digitalius\/privacy-policy\/","title":{"rendered":"Privacy Policy"},"content":{"rendered":"\n[et_pb_section fb_built=&#8221;1&#8243; _builder_version=&#8221;4.27.2&#8243; _module_preset=&#8221;default&#8221; background_color=&#8221;#f2f2f2&#8243; hover_enabled=&#8221;0&#8243; global_colors_info=&#8221;{}&#8221; sticky_enabled=&#8221;0&#8243;][et_pb_row _builder_version=&#8221;4.27.0&#8243; _module_preset=&#8221;default&#8221; border_radii=&#8221;on|8px|8px|8px|8px&#8221; global_colors_info=&#8221;{}&#8221;][et_pb_column type=&#8221;4_4&#8243; _builder_version=&#8221;4.27.0&#8243; _module_preset=&#8221;default&#8221; hover_enabled=&#8221;0&#8243; global_colors_info=&#8221;{}&#8221; sticky_enabled=&#8221;0&#8243;][et_pb_text _builder_version=&#8221;4.27.2&#8243; _module_preset=&#8221;default&#8221; hover_enabled=&#8221;0&#8243; global_colors_info=&#8221;{}&#8221; text_text_color=&#8221;#000000&#8243; sticky_enabled=&#8221;0&#8243;]<p><span style=\"font-family: Arial, serif;\"><span style=\"font-size: large;\"><b>Tietosuojaseloste Mortius Digitalius<\/b><\/span><\/span><\/p>\n<p>1. Rekisterinpit\u00e4j\u00e4<br \/>Nimi: S\u00e4hk\u00f6laite Oy<br \/>Y-tunnus: 0114595-7<br \/>Osoite: Runeberginkatu 30<br \/>Postinumero: 00100<br \/>Postitoimipaikka: HELSINKI<br \/>Puhelinnumero: 044 7565 051<br \/>S\u00e4hk\u00f6postiosoite: kari.vartiainen@sahkolaite.fi<\/p>\n<p>2. Rekisteriasioita hoitava henkil\u00f6<br \/>Yritys: S\u00e4hk\u00f6laite Oy<br \/>Nimi: Kari Vartiainen<br \/>Osoite: Runeberginkatu 30<br \/>Postinumero: 00100<br \/>Postitoimipaikka: HELSINKI<br \/>Puhelinnumero: 044 7565 051<br \/>S\u00e4hk\u00f6posti: kari.vartiainen@sahkolaite.fi<\/p>\n<p>3. Tietosuojavastaava<br \/>Yritys: S\u00e4hk\u00f6laite Oy<br \/>Nimi: Kari Vartiainen<br \/>Osoite: Runeberginkatu 30<br \/>Postinumero: 00100<br \/>Postitoimipaikka: HELSINKI<br \/>Puhelinnumero: 044 7565 051<br \/>S\u00e4hk\u00f6posti: kari.vartiainen@sahkolaite.fi<\/p>\n<p>4. Rekisterin k\u00e4ytt\u00f6tarkoitus<br \/>Ker\u00e4tt\u00e4vi\u00e4 henkil\u00f6tietoja k\u00e4ytet\u00e4\u00e4n (potentiaalisen) asiakkaan ja palvelun tarjoajan yhteydenpitoa, palvelujen varaamista sek\u00e4 laskutusta varten.<\/p>\n<p>5. Tietojen ker\u00e4\u00e4misen ja k\u00e4sittelyn peruste<br \/>Asiakkaan tietoja ker\u00e4t\u00e4\u00e4n ja k\u00e4sitell\u00e4\u00e4n asiakkaan suostumuksella ja\/tai asiakkaan kanssa teht\u00e4v\u00e4n sopimuksen t\u00e4yt\u00e4nt\u00f6\u00f6n panemiseksi.<\/p>\n<p>6. Rekisterin tietosis\u00e4lt\u00f6<br \/>Yhteydenotossa: nimi, s\u00e4hk\u00f6postiosoite, puhelinnumero<br \/>Sopimuksessa: nimi, s\u00e4hk\u00f6postiosoite, puhelinnumero, mahdollinen henkil\u00f6tunnus, mahdollinen y-tunnus<\/p>\n<p>7. Tietojen s\u00e4ilytysaika<br \/>Henkil\u00f6tiedot s\u00e4ilytet\u00e4\u00e4n niin kauan kuin niit\u00e4 tarvitaan asiakkaan kanssa teht\u00e4v\u00e4n sopimuksen t\u00e4yt\u00e4nt\u00f6\u00f6npanemiseksi tai yhteydenpidon yll\u00e4pito vaatii<\/p>\n<p>8. S\u00e4\u00e4nn\u00f6nmukaiset tietol\u00e4hteet<br \/>Rekisteriin ker\u00e4t\u00e4\u00e4n tietoja ykstyishenkil\u00f6lt\u00e4 tai yriteykselt\u00e4<\/p>\n<p>9. S\u00e4\u00e4nn\u00f6nmukaiset tietojen luovutukset ja tietojen siirto EU:n tai Euroopan talousalueen ulkopuolelle<br \/>Tietoja ei s\u00e4\u00e4nn\u00f6nmukaisesti luovuteta yrityksen ulkopuolelle.<\/p>\n<p>10. Ev\u00e4steiden (cookies) k\u00e4ytt\u00f6<br \/>K\u00e4yt\u00e4mme sivuillamme ns. cookie-toimintoa eli ev\u00e4steit\u00e4. Yleisesti ev\u00e4ste on pieni, k\u00e4ytt\u00e4j\u00e4n tietokoneelle l\u00e4hetett\u00e4v\u00e4 ja siell\u00e4 s\u00e4ilytett\u00e4v\u00e4 tekstitiedosto, joka mahdollistaa internet-sivujen yll\u00e4pit\u00e4j\u00e4n tunnistamaan usein sivuilla vierailevat k\u00e4vij\u00e4t, helpottamaan k\u00e4vij\u00f6iden kirjautumista sivuille sek\u00e4 mahdollistamaan yhdistelm\u00e4tiedon laatimisen k\u00e4vij\u00f6ist\u00e4.<\/p>\n<p>Mik\u00e4li sivuillamme vieraileva k\u00e4ytt\u00e4j\u00e4 ei halua meid\u00e4n saavan edell\u00e4 mainittuja tietoja ev\u00e4steiden avulla, useimmat selaimet mahdollistavat ev\u00e4ste-toiminnon poiskytkemisen. T\u00e4m\u00e4 tapahtuu yleens\u00e4 selaimen asetuksien kautta.<\/p>\n<p>11. Rekisterin suojaus<br \/>Tiedot siirret\u00e4\u00e4n SSL-suojatun yhteyden ylitse. Digitaaliset tiedot on suojattu palomuurilla, k\u00e4ytt\u00e4j\u00e4tunnuksin ja salasanoin. Tietojen k\u00e4ytt\u00f6oikeus on vain niill\u00e4 rekisterinpit\u00e4j\u00e4ll\u00e4 itsell\u00e4\u00e4n.<\/p>\n<p>12. Automaattinen p\u00e4\u00e4t\u00f6ksenteko<br \/>Automatisoituja yksitt\u00e4isp\u00e4\u00e4t\u00f6ksi\u00e4 (EU:n tietosuoja-asetuksen artikla 22) ei tehd\u00e4.<\/p>\n<p>13. Rekister\u00f6idyn oikeudet<br \/>Rekister\u00f6idyll\u00e4 on oikeus tarkastaa, mit\u00e4 h\u00e4nt\u00e4 koskevia tietoja henkil\u00f6tietorekisteriin on talletettu. Kirjallinen tarkastuspyynt\u00f6 tulee l\u00e4hett\u00e4\u00e4 allekirjoitettuna rekisteriasioista vastaavalle henkil\u00f6lle.<\/p>\n<p>Tarkastusoikeus on maksuton enint\u00e4\u00e4n kerran vuodessa toteutettuna.<\/p>\n<p>Rekister\u00f6idyll\u00e4 on oikeus vaatia virheellisten tai vanhentuneiden tietojen oikaisua tai poistamista tai tietojen siirtoa j\u00e4rjestelm\u00e4st\u00e4 toiseen. H\u00e4nell\u00e4 on my\u00f6s oikeus rajoittaa tai vastustaa tietojensa k\u00e4sittely\u00e4 EU:n tietosuoja-asetuksen artiklojen 18 ja 21 mukaisesti.<\/p>\n<p>Rekister\u00f6idyll\u00e4 on oikeus peruuttaa aiemmin antamansa suostumus tietojen k\u00e4sittelylle tai tehd\u00e4 henkil\u00f6tietojensa k\u00e4sittelyyn liittyvist\u00e4 seikoista valitus valvontaviranomaiselle.<\/p>[\/et_pb_text][\/et_pb_column][\/et_pb_row][\/et_pb_section]\n","protected":false},"excerpt":{"rendered":"<p>Tietosuojaseloste Mortius Digitalius 1. Rekisterinpit\u00e4j\u00e4Nimi: S\u00e4hk\u00f6laite OyY-tunnus: 0114595-7Osoite: Runeberginkatu 30Postinumero: 00100Postitoimipaikka: HELSINKIPuhelinnumero: 044 7565 051S\u00e4hk\u00f6postiosoite: kari.vartiainen@sahkolaite.fi 2. Rekisteriasioita hoitava henkil\u00f6Yritys: S\u00e4hk\u00f6laite OyNimi: Kari VartiainenOsoite: Runeberginkatu 30Postinumero: 00100Postitoimipaikka: HELSINKIPuhelinnumero: 044 7565 051S\u00e4hk\u00f6posti: kari.vartiainen@sahkolaite.fi 3. TietosuojavastaavaYritys: S\u00e4hk\u00f6laite OyNimi: Kari VartiainenOsoite: Runeberginkatu 30Postinumero: 00100Postitoimipaikka: HELSINKIPuhelinnumero: 044 7565 051S\u00e4hk\u00f6posti: kari.vartiainen@sahkolaite.fi 4. Rekisterin k\u00e4ytt\u00f6tarkoitusKer\u00e4tt\u00e4vi\u00e4 henkil\u00f6tietoja k\u00e4ytet\u00e4\u00e4n (potentiaalisen) asiakkaan ja palvelun [&hellip;]<\/p>\n","protected":false},"author":1,"featured_media":0,"parent":94,"menu_order":0,"comment_status":"closed","ping_status":"closed","template":"","meta":{"_et_pb_use_builder":"on","_et_pb_old_content":"<!-- wp:heading -->\n<h2 class=\"wp-block-heading\">Who we are<\/h2>\n<!-- \/wp:heading -->\n<!-- wp:paragraph -->\n<p><strong class=\"privacy-policy-tutorial\">Suggested text: <\/strong>Our website address is: https:\/\/mortiusdigitalius.fi.<\/p>\n<!-- \/wp:paragraph -->\n<!-- wp:heading -->\n<h2 class=\"wp-block-heading\">Comments<\/h2>\n<!-- \/wp:heading -->\n<!-- wp:paragraph -->\n<p><strong class=\"privacy-policy-tutorial\">Suggested text: <\/strong>When visitors leave comments on the site we collect the data shown in the comments form, and also the visitor&#8217;s IP address and browser user agent string to help spam detection.<\/p>\n<!-- \/wp:paragraph -->\n<!-- wp:paragraph -->\n<p>An anonymized string created from your email address (also called a hash) may be provided to the Gravatar service to see if you are using it. The Gravatar service privacy policy is available here: https:\/\/automattic.com\/privacy\/. After approval of your comment, your profile picture is visible to the public in the context of your comment.<\/p>\n<!-- \/wp:paragraph -->\n<!-- wp:heading -->\n<h2 class=\"wp-block-heading\">Media<\/h2>\n<!-- \/wp:heading -->\n<!-- wp:paragraph -->\n<p><strong class=\"privacy-policy-tutorial\">Suggested text: <\/strong>If you upload images to the website, you should avoid uploading images with embedded location data (EXIF GPS) included. Visitors to the website can download and extract any location data from images on the website.<\/p>\n<!-- \/wp:paragraph -->\n<!-- wp:heading -->\n<h2 class=\"wp-block-heading\">Cookies<\/h2>\n<!-- \/wp:heading -->\n<!-- wp:paragraph -->\n<p><strong class=\"privacy-policy-tutorial\">Suggested text: <\/strong>If you leave a comment on our site you may opt-in to saving your name, email address and website in cookies. These are for your convenience so that you do not have to fill in your details again when you leave another comment. These cookies will last for one year.<\/p>\n<!-- \/wp:paragraph -->\n<!-- wp:paragraph -->\n<p>If you visit our login page, we will set a temporary cookie to determine if your browser accepts cookies. This cookie contains no personal data and is discarded when you close your browser.<\/p>\n<!-- \/wp:paragraph -->\n<!-- wp:paragraph -->\n<p>When you log in, we will also set up several cookies to save your login information and your screen display choices. Login cookies last for two days, and screen options cookies last for a year. If you select &quot;Remember Me&quot;, your login will persist for two weeks. If you log out of your account, the login cookies will be removed.<\/p>\n<!-- \/wp:paragraph -->\n<!-- wp:paragraph -->\n<p>If you edit or publish an article, an additional cookie will be saved in your browser. This cookie includes no personal data and simply indicates the post ID of the article you just edited. It expires after 1 day.<\/p>\n<!-- \/wp:paragraph -->\n<!-- wp:heading -->\n<h2 class=\"wp-block-heading\">Embedded content from other websites<\/h2>\n<!-- \/wp:heading -->\n<!-- wp:paragraph -->\n<p><strong class=\"privacy-policy-tutorial\">Suggested text: <\/strong>Articles on this site may include embedded content (e.g. videos, images, articles, etc.). Embedded content from other websites behaves in the exact same way as if the visitor has visited the other website.<\/p>\n<!-- \/wp:paragraph -->\n<!-- wp:paragraph -->\n<p>These websites may collect data about you, use cookies, embed additional third-party tracking, and monitor your interaction with that embedded content, including tracking your interaction with the embedded content if you have an account and are logged in to that website.<\/p>\n<!-- \/wp:paragraph -->\n<!-- wp:heading -->\n<h2 class=\"wp-block-heading\">Who we share your data with<\/h2>\n<!-- \/wp:heading -->\n<!-- wp:paragraph -->\n<p><strong class=\"privacy-policy-tutorial\">Suggested text: <\/strong>If you request a password reset, your IP address will be included in the reset email.<\/p>\n<!-- \/wp:paragraph -->\n<!-- wp:heading -->\n<h2 class=\"wp-block-heading\">How long we retain your data<\/h2>\n<!-- \/wp:heading -->\n<!-- wp:paragraph -->\n<p><strong class=\"privacy-policy-tutorial\">Suggested text: <\/strong>If you leave a comment, the comment and its metadata are retained indefinitely. This is so we can recognize and approve any follow-up comments automatically instead of holding them in a moderation queue.<\/p>\n<!-- \/wp:paragraph -->\n<!-- wp:paragraph -->\n<p>For users that register on our website (if any), we also store the personal information they provide in their user profile. All users can see, edit, or delete their personal information at any time (except they cannot change their username). Website administrators can also see and edit that information.<\/p>\n<!-- \/wp:paragraph -->\n<!-- wp:heading -->\n<h2 class=\"wp-block-heading\">What rights you have over your data<\/h2>\n<!-- \/wp:heading -->\n<!-- wp:paragraph -->\n<p><strong class=\"privacy-policy-tutorial\">Suggested text: <\/strong>If you have an account on this site, or have left comments, you can request to receive an exported file of the personal data we hold about you, including any data you have provided to us. You can also request that we erase any personal data we hold about you. This does not include any data we are obliged to keep for administrative, legal, or security purposes.<\/p>\n<!-- \/wp:paragraph -->\n<!-- wp:heading -->\n<h2 class=\"wp-block-heading\">Where your data is sent<\/h2>\n<!-- \/wp:heading -->\n<!-- wp:paragraph -->\n<p><strong class=\"privacy-policy-tutorial\">Suggested text: <\/strong>Visitor comments may be checked through an automated spam detection service.<\/p>\n<!-- \/wp:paragraph -->\n","_et_gb_content_width":"","footnotes":""},"class_list":["post-3","page","type-page","status-publish","hentry"],"yoast_head":"<!-- This site is optimized with the Yoast SEO plugin v27.5 - https:\/\/yoast.com\/product\/yoast-seo-wordpress\/ -->\n<title>Privacy Policy - Mortius Digitalius<\/title>\n<meta name=\"robots\" content=\"index, follow, max-snippet:-1, max-image-preview:large, max-video-preview:-1\" \/>\n<link rel=\"canonical\" href=\"https:\/\/mortiusdigitalius.fi\/index.php\/mortius\/privacy-policy\/\" \/>\n<meta property=\"og:locale\" content=\"fi_FI\" \/>\n<meta property=\"og:type\" content=\"article\" \/>\n<meta property=\"og:title\" content=\"Privacy Policy - Mortius Digitalius\" \/>\n<meta property=\"og:description\" content=\"Tietosuojaseloste Mortius Digitalius 1. Rekisterinpit\u00e4j\u00e4Nimi: S\u00e4hk\u00f6laite OyY-tunnus: 0114595-7Osoite: Runeberginkatu 30Postinumero: 00100Postitoimipaikka: HELSINKIPuhelinnumero: 044 7565 051S\u00e4hk\u00f6postiosoite: kari.vartiainen@sahkolaite.fi 2. Rekisteriasioita hoitava henkil\u00f6Yritys: S\u00e4hk\u00f6laite OyNimi: Kari VartiainenOsoite: Runeberginkatu 30Postinumero: 00100Postitoimipaikka: HELSINKIPuhelinnumero: 044 7565 051S\u00e4hk\u00f6posti: kari.vartiainen@sahkolaite.fi 3. TietosuojavastaavaYritys: S\u00e4hk\u00f6laite OyNimi: Kari VartiainenOsoite: Runeberginkatu 30Postinumero: 00100Postitoimipaikka: HELSINKIPuhelinnumero: 044 7565 051S\u00e4hk\u00f6posti: kari.vartiainen@sahkolaite.fi 4. Rekisterin k\u00e4ytt\u00f6tarkoitusKer\u00e4tt\u00e4vi\u00e4 henkil\u00f6tietoja k\u00e4ytet\u00e4\u00e4n (potentiaalisen) asiakkaan ja palvelun [&hellip;]\" \/>\n<meta property=\"og:url\" content=\"https:\/\/mortiusdigitalius.fi\/index.php\/mortius\/privacy-policy\/\" \/>\n<meta property=\"og:site_name\" content=\"Mortius Digitalius\" \/>\n<meta property=\"article:modified_time\" content=\"2024-10-20T15:18:46+00:00\" \/>\n<meta name=\"twitter:card\" content=\"summary_large_image\" \/>\n<meta name=\"twitter:label1\" content=\"Arvioitu lukuaika\" \/>\n\t<meta name=\"twitter:data1\" content=\"3 minuuttia\" \/>\n<script type=\"application\/ld+json\" class=\"yoast-schema-graph\">{\"@context\":\"https:\\\/\\\/schema.org\",\"@graph\":[{\"@type\":\"WebPage\",\"@id\":\"https:\\\/\\\/mortiusdigitalius.fi\\\/index.php\\\/mortius\\\/privacy-policy\\\/\",\"url\":\"https:\\\/\\\/mortiusdigitalius.fi\\\/index.php\\\/mortius\\\/privacy-policy\\\/\",\"name\":\"Privacy Policy - Mortius Digitalius\",\"isPartOf\":{\"@id\":\"https:\\\/\\\/mortiusdigitalius.fi\\\/#website\"},\"datePublished\":\"2024-07-16T07:10:45+00:00\",\"dateModified\":\"2024-10-20T15:18:46+00:00\",\"breadcrumb\":{\"@id\":\"https:\\\/\\\/mortiusdigitalius.fi\\\/index.php\\\/mortius\\\/privacy-policy\\\/#breadcrumb\"},\"inLanguage\":\"fi\",\"potentialAction\":[{\"@type\":\"ReadAction\",\"target\":[\"https:\\\/\\\/mortiusdigitalius.fi\\\/index.php\\\/mortius\\\/privacy-policy\\\/\"]}]},{\"@type\":\"BreadcrumbList\",\"@id\":\"https:\\\/\\\/mortiusdigitalius.fi\\\/index.php\\\/mortius\\\/privacy-policy\\\/#breadcrumb\",\"itemListElement\":[{\"@type\":\"ListItem\",\"position\":1,\"name\":\"Etusivu\",\"item\":\"https:\\\/\\\/mortiusdigitalius.fi\\\/\"},{\"@type\":\"ListItem\",\"position\":2,\"name\":\"Yritys\",\"item\":\"https:\\\/\\\/mortiusdigitalius.fi\\\/\"},{\"@type\":\"ListItem\",\"position\":3,\"name\":\"Privacy Policy\"}]},{\"@type\":\"WebSite\",\"@id\":\"https:\\\/\\\/mortiusdigitalius.fi\\\/#website\",\"url\":\"https:\\\/\\\/mortiusdigitalius.fi\\\/\",\"name\":\"Mortius Digitalius\",\"description\":\"Digitaalisen identiteetin poisto verkosta\",\"publisher\":{\"@id\":\"https:\\\/\\\/mortiusdigitalius.fi\\\/#organization\"},\"potentialAction\":[{\"@type\":\"SearchAction\",\"target\":{\"@type\":\"EntryPoint\",\"urlTemplate\":\"https:\\\/\\\/mortiusdigitalius.fi\\\/?s={search_term_string}\"},\"query-input\":{\"@type\":\"PropertyValueSpecification\",\"valueRequired\":true,\"valueName\":\"search_term_string\"}}],\"inLanguage\":\"fi\"},{\"@type\":\"Organization\",\"@id\":\"https:\\\/\\\/mortiusdigitalius.fi\\\/#organization\",\"name\":\"Mortius Digitalius\",\"url\":\"https:\\\/\\\/mortiusdigitalius.fi\\\/\",\"logo\":{\"@type\":\"ImageObject\",\"inLanguage\":\"fi\",\"@id\":\"https:\\\/\\\/mortiusdigitalius.fi\\\/#\\\/schema\\\/logo\\\/image\\\/\",\"url\":\"https:\\\/\\\/mortiusdigitalius.fi\\\/wp-content\\\/uploads\\\/2024\\\/07\\\/Mortius-Digitalius-Main-Logo-1.png\",\"contentUrl\":\"https:\\\/\\\/mortiusdigitalius.fi\\\/wp-content\\\/uploads\\\/2024\\\/07\\\/Mortius-Digitalius-Main-Logo-1.png\",\"width\":752,\"height\":138,\"caption\":\"Mortius Digitalius\"},\"image\":{\"@id\":\"https:\\\/\\\/mortiusdigitalius.fi\\\/#\\\/schema\\\/logo\\\/image\\\/\"}}]}<\/script>\n<!-- \/ Yoast SEO plugin. -->","yoast_head_json":{"title":"Privacy Policy - Mortius Digitalius","robots":{"index":"index","follow":"follow","max-snippet":"max-snippet:-1","max-image-preview":"max-image-preview:large","max-video-preview":"max-video-preview:-1"},"canonical":"https:\/\/mortiusdigitalius.fi\/index.php\/mortius\/privacy-policy\/","og_locale":"fi_FI","og_type":"article","og_title":"Privacy Policy - Mortius Digitalius","og_description":"Tietosuojaseloste Mortius Digitalius 1. Rekisterinpit\u00e4j\u00e4Nimi: S\u00e4hk\u00f6laite OyY-tunnus: 0114595-7Osoite: Runeberginkatu 30Postinumero: 00100Postitoimipaikka: HELSINKIPuhelinnumero: 044 7565 051S\u00e4hk\u00f6postiosoite: kari.vartiainen@sahkolaite.fi 2. Rekisteriasioita hoitava henkil\u00f6Yritys: S\u00e4hk\u00f6laite OyNimi: Kari VartiainenOsoite: Runeberginkatu 30Postinumero: 00100Postitoimipaikka: HELSINKIPuhelinnumero: 044 7565 051S\u00e4hk\u00f6posti: kari.vartiainen@sahkolaite.fi 3. TietosuojavastaavaYritys: S\u00e4hk\u00f6laite OyNimi: Kari VartiainenOsoite: Runeberginkatu 30Postinumero: 00100Postitoimipaikka: HELSINKIPuhelinnumero: 044 7565 051S\u00e4hk\u00f6posti: kari.vartiainen@sahkolaite.fi 4. Rekisterin k\u00e4ytt\u00f6tarkoitusKer\u00e4tt\u00e4vi\u00e4 henkil\u00f6tietoja k\u00e4ytet\u00e4\u00e4n (potentiaalisen) asiakkaan ja palvelun [&hellip;]","og_url":"https:\/\/mortiusdigitalius.fi\/index.php\/mortius\/privacy-policy\/","og_site_name":"Mortius Digitalius","article_modified_time":"2024-10-20T15:18:46+00:00","twitter_card":"summary_large_image","twitter_misc":{"Arvioitu lukuaika":"3 minuuttia"},"schema":{"@context":"https:\/\/schema.org","@graph":[{"@type":"WebPage","@id":"https:\/\/mortiusdigitalius.fi\/index.php\/mortius\/privacy-policy\/","url":"https:\/\/mortiusdigitalius.fi\/index.php\/mortius\/privacy-policy\/","name":"Privacy Policy - Mortius Digitalius","isPartOf":{"@id":"https:\/\/mortiusdigitalius.fi\/#website"},"datePublished":"2024-07-16T07:10:45+00:00","dateModified":"2024-10-20T15:18:46+00:00","breadcrumb":{"@id":"https:\/\/mortiusdigitalius.fi\/index.php\/mortius\/privacy-policy\/#breadcrumb"},"inLanguage":"fi","potentialAction":[{"@type":"ReadAction","target":["https:\/\/mortiusdigitalius.fi\/index.php\/mortius\/privacy-policy\/"]}]},{"@type":"BreadcrumbList","@id":"https:\/\/mortiusdigitalius.fi\/index.php\/mortius\/privacy-policy\/#breadcrumb","itemListElement":[{"@type":"ListItem","position":1,"name":"Etusivu","item":"https:\/\/mortiusdigitalius.fi\/"},{"@type":"ListItem","position":2,"name":"Yritys","item":"https:\/\/mortiusdigitalius.fi\/"},{"@type":"ListItem","position":3,"name":"Privacy Policy"}]},{"@type":"WebSite","@id":"https:\/\/mortiusdigitalius.fi\/#website","url":"https:\/\/mortiusdigitalius.fi\/","name":"Mortius Digitalius","description":"Digitaalisen identiteetin poisto verkosta","publisher":{"@id":"https:\/\/mortiusdigitalius.fi\/#organization"},"potentialAction":[{"@type":"SearchAction","target":{"@type":"EntryPoint","urlTemplate":"https:\/\/mortiusdigitalius.fi\/?s={search_term_string}"},"query-input":{"@type":"PropertyValueSpecification","valueRequired":true,"valueName":"search_term_string"}}],"inLanguage":"fi"},{"@type":"Organization","@id":"https:\/\/mortiusdigitalius.fi\/#organization","name":"Mortius Digitalius","url":"https:\/\/mortiusdigitalius.fi\/","logo":{"@type":"ImageObject","inLanguage":"fi","@id":"https:\/\/mortiusdigitalius.fi\/#\/schema\/logo\/image\/","url":"https:\/\/mortiusdigitalius.fi\/wp-content\/uploads\/2024\/07\/Mortius-Digitalius-Main-Logo-1.png","contentUrl":"https:\/\/mortiusdigitalius.fi\/wp-content\/uploads\/2024\/07\/Mortius-Digitalius-Main-Logo-1.png","width":752,"height":138,"caption":"Mortius Digitalius"},"image":{"@id":"https:\/\/mortiusdigitalius.fi\/#\/schema\/logo\/image\/"}}]}},"_links":{"self":[{"href":"https:\/\/mortiusdigitalius.fi\/index.php\/wp-json\/wp\/v2\/pages\/3","targetHints":{"allow":["GET"]}}],"collection":[{"href":"https:\/\/mortiusdigitalius.fi\/index.php\/wp-json\/wp\/v2\/pages"}],"about":[{"href":"https:\/\/mortiusdigitalius.fi\/index.php\/wp-json\/wp\/v2\/types\/page"}],"author":[{"embeddable":true,"href":"https:\/\/mortiusdigitalius.fi\/index.php\/wp-json\/wp\/v2\/users\/1"}],"replies":[{"embeddable":true,"href":"https:\/\/mortiusdigitalius.fi\/index.php\/wp-json\/wp\/v2\/comments?post=3"}],"version-history":[{"count":7,"href":"https:\/\/mortiusdigitalius.fi\/index.php\/wp-json\/wp\/v2\/pages\/3\/revisions"}],"predecessor-version":[{"id":772,"href":"https:\/\/mortiusdigitalius.fi\/index.php\/wp-json\/wp\/v2\/pages\/3\/revisions\/772"}],"up":[{"embeddable":true,"href":"https:\/\/mortiusdigitalius.fi\/index.php\/wp-json\/wp\/v2\/pages\/94"}],"wp:attachment":[{"href":"https:\/\/mortiusdigitalius.fi\/index.php\/wp-json\/wp\/v2\/media?parent=3"}],"curies":[{"name":"wp","href":"https:\/\/api.w.org\/{rel}","templated":true}]}}